igit of 7164383?
7
What is the hundreds digit of 30762264?
2
What is the units digit of 489855?
5
What is the hundreds digit of 532888?
8
What is the ten thousands digit of 2772927?
7
What is the hundred thousands digit of 25927810?
9
What is the hundreds digit of 201912?
9
What is the thousands digit of 1093991?
3
What is the thousands digit of 30932721?
2
What is the thousands digit of 456871?
6
What is the hundreds digit of 3880787?
7
What is the units digit of 208447?
7
What is the ten thousands digit of 4713078?
1
What is the thousands digit of 5394306?
4
What is the units digit of 23583569?
9
What is the units digit of 625841?
1
What is the thousands digit of 412815?
2
What is the ten thousands digit of 93559?
9
What is the tens digit of 26987375?
7
What is the tens digit of 807374?
7
What is the tens digit of 4726630?
3
What is the hundreds digit of 524864?
8
What is the thousands digit of 791066?
1
What is the hundreds digit of 2464649?
6
What is the units digit of 510434?
4
What is the ten thousands digit of 10599294?
9
What is the thousands digit of 415777?
5
What is the millions digit of 3042746?
3
What is the hundreds digit of 268922?
9
What is the ten thousands digit of 626321?
2
What is the hundred thousands digit of 308131?
3
What is the tens digit of 398741?
4
What is the hundred thousands digit of 138465?
1
What is the hundreds digit of 8181749?
7
What is the tens digit of 26402?
0
What is the hundred thousands digit of 10796175?
7
What is the hundred thousands digit of 25403414?
4
What is the millions digit of 1154041?
1
What is the ten thousands digit of 3913729?
1
What is the tens digit of 1534023?
2
What is the units digit of 409059?
9
What is the hundreds digit of 316518?
5
What is the thousands digit of 2209148?
9
What is the hundreds digit of 2375937?
9
What is the hundreds digit of 5693271?
2
What is the ten thousands digit of 24546?
2
What is the units digit of 5479?
9
What is the hundred thousands digit of 295797?
2
What is the tens digit of 201983?
8
What is the hundreds digit of 140093?
0
What is the hundred thousands digit of 4002354?
0
What is the hundreds digit of 267792?
7
What is the units digit of 601535?
5
What is the units digit of 1087062?
2
What is the hundreds digit of 832638?
6
What is the thousands digit of 869283?
9
What is the thousands digit of 332611?
2
What is the hundreds digit of 1830921?
9
What is the thousands digit of 485593?
5
What is the tens digit of 4626264?
6
What is the hundred thousands digit of 3391409?
3
What is the hundreds digit of 12238152?
1
What is the thousands digit of 3523126?
3
What is the ten thousands digit of 110803?
1
What is the ten thousands digit of 487083?
8
What is the thousands digit of 414278?
4
What is the ten thousands digit of 2340662?
4
What is the thousands digit of 95210?
5
What is the units digit of 547967?
7
What is the units digit of 5580322?
2
What is the hundreds digit of 3494970?
9
What is the tens digit of 947683?
8
What is the hundred thousands digit of 164062?
1
What is the units digit of 721776?
6
What is the thousands digit of 6027436?
7
What is the hundreds digit of 689131?
1
What is the ten thousands digit of 5859585?
5
What is the millions digit of 14554114?
4
What is the units digit of 1447074?
4
What is the ten thousands digit of 303889?
0
What is the thousands digit of 524862?
4
What is the hundred thousands digit of 8817064?
8
What is the tens digit of 876816?
1
What is the units digit of 2413609?
9
What is the thousands digit of 1788060?
8
What is the units digit of 7301509?
9
What is the hundreds digit of 40598?
5
What is the tens digit of 1669?
6
What is the thousands digit of 74021?
4
What is the millions digit of 3377423?
3
What is the hundreds digit of 124806?
8
What is the hundreds digit of 9303198?
1
What is the ten thousands digit of 7285129?
8
What is the hundred thousands digit of 8980451?
9
What is the ten thousands digit of 2454447?
5
What is the tens digit of 215?
1
What is the hundred thousands digit of 333470?
3
What is the ten thousands digit of 538287?
3
What is the tens digit of 2612045?
4
What is the units digit of 370470?
0
What is the units digit of 635688?
8
What is the ten thousands digit of 1267763?
6
What is the hundred thousands digit of 447518?
4
What is the ten thousands digit of 204542?
0
What is the tens digit of 13996526?
2
What is the hundreds digit of 1434632?
6
What is the hundred thousands digit of 1386384?
3
What is the hundreds digit of 20913319?
3
What is the millions digit of 5958218?
5
What is the millions digit of 3827787?
3
What is the millions digit of 4221691?
4
What is the hundred thousands digit of 259161?
2
What is the thousands digit of 1566509?
6
What is the hundred thousands digit of 37864986?
8
What is the millions digit of 5784307?
5
What is the millions digit of 13047040?
3
What is the ten thousands digit of 2010926?
1
What is the units digit of 18160943?
3
What is the hundreds digit of 208306?
3
What is the tens digit of 382482?
8
What is the millions digit of 4069460?
4
What is the thousands digit of 550460?
0
What is the thousands digit of 146018?
6
What is the hundred thousands digit of 757990?
7
What is the ten thousands digit of 3976301?
7
What is the ten thousands digit of 190828?
9
What is the thousands digit of 183932?
3
What is the ten thousands digit of 36366?
3
What is the ten thousands digit of 11795518?
9
What is the thousands digit of 5845020?
5
What is the units digit of 1979534?
4
What is the hundreds digit of 17475481?
4
What is the ten thousands digit of 1388042?
8
What is the thousands digit of 79903?
9
What is the hundreds digit of 4676301?
3
What is the hundreds digit of 73128?
1
What is the ten thousands digit of 467524?
6
What is the hundreds digit of 17390671?
6
What is the hundreds digit of 11682641?
6
What is the hundreds digit of 2365302?
3
What is the tens digit of 9434684?
8
What is the hundreds digit of 20166?
1
What is the tens digit of 473526?
2
What is the tens digit of 21048396?
9
What is the hundred thousands digit of 9645324?
6
What is the ten thousands digit of 695428?
9
What is the tens digit of 1627438?
3
What is the millions digit of 1772294?
1
What is the tens digit of 838353?
5
What is the thousands digit of 3404993?
4
What is the thousands digit of 380850?
0
What is the units digit of 4072237?
7
What is the hundreds digit of 2305147?
1
What is the ten thousands digit of 195271?
9
What is the units digit of 28748453?
3
What is the thousands digit of 424242?
4
What is the units digit of 1079004?
4
What is the ten thousands digit of 1241333?
4
What is the units digit of 1066721?
1
What is the ten thousands digit of 249603?
4
What is the ten thousands digit of 1369137?
6
What is the thousands digit of 311892?
1
What is the tens digit of 159600?
0
What is the thousands digit of 3994730?
4
What is the millions digit of 2266929?
2
What is the ten thousands digit of 91035?
9
What is the ten thousands digit of 162350?
6
What is the units digit of 12974798?
8
What is the thousands digit of 473720?
3
What is the thousands digit of 213227?
3
What is the units digit of 1134809?
9
What is the units digit of 3206293?
3
What is the ten thousands digit of 1514173?
1
What is the ten thousands digit of 283937?
8
What is the hundred thousands digit of 696370?
6
What is the thousands digit of 5444049?
4
What is the units digit of 1058468?
8
What is the tens digit of 2346195?
9
What is the hundreds digit of 182004?
0
What is the thousands digit of 23397373?
7
What is the hundreds digit of 73262?
2
What is the hundreds digit of 392783?
7
What is the tens digit of 1226510?
1
What is the hundreds digit of 406288?
2
What is the tens digit of 35401?
0
What is the hundred thousands digit of 10865469?
8
What is the millions digit of 3831874?
3
What is the units digit of 4026888?
8
What is the units digit of 52128?
8
What is the ten thousands digit of 4104912?
0
What is the hundreds digit of 2031829?
8
What is the tens digit of 2592103?
0
What is the hundreds digit of 855072?
0
What is the ten millions digit of 13326921?
1
What is the units digit of 2220715?
5
What is the ten thousands digit of 659614?
5
What is the units digit of 480270?
0
What is the tens digit of 49